{"id":55,"date":"2025-03-20T17:22:51","date_gmt":"2025-03-20T17:22:51","guid":{"rendered":"https:\/\/taralohk.ee\/?page_id=55"},"modified":"2025-11-09T23:20:08","modified_gmt":"2025-11-09T23:20:08","slug":"teenused","status":"publish","type":"page","link":"https:\/\/taralohk.ee\/?page_id=55","title":{"rendered":"Teenused"},"content":{"rendered":"\n<div class=\"wp-block-group alignwide is-style-section-1 is-layout-flow wp-block-group-is-layout-flow is-style-section-1--1\">\n<p class=\"has-text-align-left\">Pakume spetsialiseerunud hooldus- ja remonditeenuseid nii&nbsp;<strong>Volkswageni, Audi kui Skoda<\/strong>&nbsp;s\u00f5idukitele kui ka teistele automarkidele. T\u00f6\u00f6de ulatus h\u00f5lmab laia valikut t\u00e4nap\u00e4evase autotehnika n\u00f5udlikke lahendusi.<\/p>\n\n\n\n<p>Tegevusvaldkond sisaldab ka spetsialiseeritud elektrit\u00f6id ja tarkvaralisi lahendusi, mis tagavad s\u00f5iduki pikaajalise t\u00f6\u00f6kindluse.<\/p>\n\n\n<ul class=\"wp-block-page-list\"><li class=\"wp-block-pages-list__item\"><a class=\"wp-block-pages-list__item__link\" href=\"https:\/\/taralohk.ee\/?page_id=60\">Diagnostika<\/a><\/li><li class=\"wp-block-pages-list__item\"><a class=\"wp-block-pages-list__item__link\" href=\"https:\/\/taralohk.ee\/?page_id=63\">Kliima t\u00e4itmine ja kliimaseadmete remont<\/a><\/li><li class=\"wp-block-pages-list__item\"><a class=\"wp-block-pages-list__item__link\" href=\"https:\/\/taralohk.ee\/?page_id=57\">\u00d5livahetus<\/a><\/li><li class=\"wp-block-pages-list__item\"><a class=\"wp-block-pages-list__item__link\" href=\"https:\/\/taralohk.ee\/?page_id=111\">Sillareguleerimine (alates 2. jaanuarist)<\/a><\/li><li class=\"wp-block-pages-list__item\"><a class=\"wp-block-pages-list__item__link\" href=\"https:\/\/taralohk.ee\/?page_id=66\">Veermiku kontroll ja remont<\/a><\/li><\/ul>\n\n\n<p><a href=\"https:\/\/taralohk.ee\/?page_id=111\" data-type=\"page\" data-id=\"111\">Sillareguleerimine (alates 2. jaanuarist)<\/a><\/p>\n<\/div>\n","protected":false},"excerpt":{"rendered":"<p>Pakume spetsialiseerunud hooldus- ja remonditeenuseid nii&nbsp;Volkswageni, Audi kui Skoda&nbsp;s\u00f5idukitele kui ka teistele automarkidele. T\u00f6\u00f6de ulatus h\u00f5lmab laia valikut t\u00e4nap\u00e4evase autotehnika n\u00f5udlikke lahendusi. Tegevusvaldkond sisaldab ka spetsialiseeritud elektrit\u00f6id ja tarkvaralisi lahendusi, mis tagavad s\u00f5iduki pikaajalise t\u00f6\u00f6kindluse. Sillareguleerimine (alates 2. jaanuarist)<\/p>\n","protected":false},"author":1,"featured_media":0,"parent":0,"menu_order":0,"comment_status":"closed","ping_status":"closed","template":"","meta":{"footnotes":""},"class_list":["post-55","page","type-page","status-publish","hentry"],"_links":{"self":[{"href":"https:\/\/taralohk.ee\/index.php?rest_route=\/wp\/v2\/pages\/55","targetHints":{"allow":["GET"]}}],"collection":[{"href":"https:\/\/taralohk.ee\/index.php?rest_route=\/wp\/v2\/pages"}],"about":[{"href":"https:\/\/taralohk.ee\/index.php?rest_route=\/wp\/v2\/types\/page"}],"author":[{"embeddable":true,"href":"https:\/\/taralohk.ee\/index.php?rest_route=\/wp\/v2\/users\/1"}],"replies":[{"embeddable":true,"href":"https:\/\/taralohk.ee\/index.php?rest_route=%2Fwp%2Fv2%2Fcomments&post=55"}],"version-history":[{"count":7,"href":"https:\/\/taralohk.ee\/index.php?rest_route=\/wp\/v2\/pages\/55\/revisions"}],"predecessor-version":[{"id":116,"href":"https:\/\/taralohk.ee\/index.php?rest_route=\/wp\/v2\/pages\/55\/revisions\/116"}],"wp:attachment":[{"href":"https:\/\/taralohk.ee\/index.php?rest_route=%2Fwp%2Fv2%2Fmedia&parent=55"}],"curies":[{"name":"wp","href":"https:\/\/api.w.org\/{rel}","templated":true}]}}